{"id":1583,"date":"2023-04-05T10:56:09","date_gmt":"2023-04-05T13:56:09","guid":{"rendered":"https:\/\/congresso.fenafim.org.br\/2023\/?page_id=1583"},"modified":"2023-11-23T16:07:58","modified_gmt":"2023-11-23T19:07:58","slug":"local-do-evento","status":"publish","type":"page","link":"https:\/\/congresso.fenafim.org.br\/2023\/local-do-evento\/","title":{"rendered":"Local do Evento"},"content":{"rendered":"\n<p>A 34\u00aa edi\u00e7\u00e3o do Congresso Nacional FENAFIM ocorrer\u00e1 no Centro de Conven\u00e7\u00f5es Jos\u00e9 Carlos Silva, localizado no Del Mar Hotel, garantindo o conforto e a seguran\u00e7a que o congressista merece.<\/p>\n\n\n\n<p>O espa\u00e7o de eventos possui uma excelente estrutura de equipamentos, servi\u00e7os e coffee break. Com quatro salas modul\u00e1veis, internet, o audit\u00f3rio \u00e9 capaz de comportar at\u00e9 500 pessoas.<\/p>\n\n\n\n<div class=\"wp-block-columns is-layout-flex wp-container-core-columns-is-layout-1 wp-block-columns-is-layout-flex\">\n<div class=\"wp-block-column is-layout-flow wp-block-column-is-layout-flow\">\n<figure class=\"wp-block-image size-large\"><img loading=\"lazy\" decoding=\"async\" width=\"640\" height=\"360\" src=\"https:\/\/i0.wp.com\/congresso.fenafim.org.br\/2023\/wp-content\/uploads\/2023\/05\/delmar__auditorio.jpg?resize=640%2C360\" alt=\"\" class=\"wp-image-1829\" srcset=\"https:\/\/i0.wp.com\/congresso.fenafim.org.br\/2023\/wp-content\/uploads\/2023\/05\/delmar__auditorio.jpg?resize=1024%2C576&amp;ssl=1 1024w, https:\/\/i0.wp.com\/congresso.fenafim.org.br\/2023\/wp-content\/uploads\/2023\/05\/delmar__auditorio.jpg?resize=300%2C169&amp;ssl=1 300w, https:\/\/i0.wp.com\/congresso.fenafim.org.br\/2023\/wp-content\/uploads\/2023\/05\/delmar__auditorio.jpg?resize=768%2C432&amp;ssl=1 768w, https:\/\/i0.wp.com\/congresso.fenafim.org.br\/2023\/wp-content\/uploads\/2023\/05\/delmar__auditorio.jpg?w=1280&amp;ssl=1 1280w\" sizes=\"(max-width: 640px) 100vw, 640px\" data-recalc-dims=\"1\" \/><figcaption class=\"wp-element-caption\">Audit\u00f3rio<\/figcaption><\/figure>\n<\/div>\n\n\n\n<div class=\"wp-block-column is-layout-flow wp-block-column-is-layout-flow\">\n<figure class=\"wp-block-image size-large is-resized\"><img loading=\"lazy\" decoding=\"async\" src=\"https:\/\/i0.wp.com\/congresso.fenafim.org.br\/2023\/wp-content\/uploads\/2023\/05\/delmar__hall_centro_convencoes.jpg?resize=475%2C315\" alt=\"\" class=\"wp-image-1833\" width=\"475\" height=\"315\" srcset=\"https:\/\/i0.wp.com\/congresso.fenafim.org.br\/2023\/wp-content\/uploads\/2023\/05\/delmar__hall_centro_convencoes.jpg?resize=1024%2C682&amp;ssl=1 1024w, https:\/\/i0.wp.com\/congresso.fenafim.org.br\/2023\/wp-content\/uploads\/2023\/05\/delmar__hall_centro_convencoes.jpg?resize=300%2C200&amp;ssl=1 300w, https:\/\/i0.wp.com\/congresso.fenafim.org.br\/2023\/wp-content\/uploads\/2023\/05\/delmar__hall_centro_convencoes.jpg?zoom=2&amp;resize=475%2C315 950w\" sizes=\"(max-width: 475px) 100vw, 475px\" data-recalc-dims=\"1\" \/><figcaption class=\"wp-element-caption\">Hall de entrada<\/figcaption><\/figure>\n<\/div>\n<\/div>\n\n\n\n<iframe src=\"https:\/\/www.google.com\/maps\/embed?pb=!1m18!1m12!1m3!1d3916.844506715738!2d-37.04181598580413!3d-10.975106925876275!2m3!1f0!2f0!3f0!3m2!1i1024!2i768!4f13.1!3m3!1m2!1s0x71ab3feec0552bb%3A0x8ad2c7350af88a63!2sDel%20Mar%20Hotel%20Aracaju!5e0!3m2!1spt-BR!2sbr!4v1681162116156!5m2!1spt-BR!2sbr\" width=\"600\" height=\"450\" style=\"border:0;\" allowfullscreen=\"\" loading=\"lazy\" referrerpolicy=\"no-referrer-when-downgrade\"><\/iframe>\n\n\n\n<p>Para mais informa\u00e7\u00f5es de reservas no hotel, <strong><a href=\"https:\/\/congresso.fenafim.org.br\/2023\/turismo\/\">clique aqui<\/a><\/strong>.<\/p>\n\n\n\n<div class=\"wp-block-columns is-layout-flex wp-container-core-columns-is-layout-2 wp-block-columns-is-layout-flex\">\n<div class=\"wp-block-column is-layout-flow wp-block-column-is-layout-flow\">\n<center><figure class=\"wp-block-image size-large\"><img loading=\"lazy\" decoding=\"async\" width=\"640\" height=\"116\" src=\"https:\/\/i0.wp.com\/congresso.fenafim.org.br\/2023\/wp-content\/uploads\/2023\/11\/rodape.png?resize=640%2C116\" alt=\"\" class=\"wp-image-1901\" data-recalc-dims=\"1\"><\/figure><\/center>\n<\/div>\n<\/div>\n","protected":false},"excerpt":{"rendered":"<p>A 34\u00aa edi\u00e7\u00e3o do Congresso Nacional FENAFIM ocorrer\u00e1 no Centro de Conven\u00e7\u00f5es Jos\u00e9 Carlos Silva, localizado no Del Mar Hotel, garantindo o conforto e a seguran\u00e7a que o congressista merece. O espa\u00e7o de eventos possui uma excelente estrutura de equipamentos, servi\u00e7os e coffee break. Com quatro salas modul\u00e1veis, internet, o audit\u00f3rio \u00e9 capaz de comportar &hellip; <\/p>\n","protected":false},"author":1,"featured_media":0,"parent":0,"menu_order":0,"comment_status":"closed","ping_status":"closed","template":"","meta":{"om_disable_all_campaigns":false,"_monsterinsights_skip_tracking":false,"_monsterinsights_sitenote_active":false,"_monsterinsights_sitenote_note":"","_monsterinsights_sitenote_category":0,"footnotes":""},"aioseo_notices":[],"jetpack_sharing_enabled":true,"_links":{"self":[{"href":"https:\/\/congresso.fenafim.org.br\/2023\/wp-json\/wp\/v2\/pages\/1583"}],"collection":[{"href":"https:\/\/congresso.fenafim.org.br\/2023\/wp-json\/wp\/v2\/pages"}],"about":[{"href":"https:\/\/congresso.fenafim.org.br\/2023\/wp-json\/wp\/v2\/types\/page"}],"author":[{"embeddable":true,"href":"https:\/\/congresso.fenafim.org.br\/2023\/wp-json\/wp\/v2\/users\/1"}],"replies":[{"embeddable":true,"href":"https:\/\/congresso.fenafim.org.br\/2023\/wp-json\/wp\/v2\/comments?post=1583"}],"version-history":[{"count":23,"href":"https:\/\/congresso.fenafim.org.br\/2023\/wp-json\/wp\/v2\/pages\/1583\/revisions"}],"predecessor-version":[{"id":2227,"href":"https:\/\/congresso.fenafim.org.br\/2023\/wp-json\/wp\/v2\/pages\/1583\/revisions\/2227"}],"wp:attachment":[{"href":"https:\/\/congresso.fenafim.org.br\/2023\/wp-json\/wp\/v2\/media?parent=1583"}],"curies":[{"name":"wp","href":"https:\/\/api.w.org\/{rel}","templated":true}]}}