{"id":1629,"date":"2024-06-07T09:00:37","date_gmt":"2024-06-07T12:00:37","guid":{"rendered":"https:\/\/congresso.fenafim.org.br\/2024\/?page_id=1629"},"modified":"2024-06-07T16:43:37","modified_gmt":"2024-06-07T19:43:37","slug":"sobre-o-congresso-2","status":"publish","type":"page","link":"https:\/\/congresso.fenafim.org.br\/2024\/","title":{"rendered":"Sobre o Congresso"},"content":{"rendered":"\n<div align=\"justify\"; style=\"font-size: 20px\">\n<p>O CONGRESSO NACIONAL FENAFIM \u00e9 um evento promovido anualmente pela Federa\u00e7\u00e3o Nacional dos Auditores e Fiscais de Tributos Municipais &#8211; FENAFIM e se destaca como o principal evento sobre Tributa\u00e7\u00e3o Municipal do Brasil. Este evento se apresenta como uma excelente oportunidade de interc\u00e2mbio de conhecimento entre os servidores p\u00fablicos das diversas administra\u00e7\u00f5es tribut\u00e1rias, acad\u00eamicos e profissionais da \u00e1rea fiscal.<\/p>\n<p>A 35\u00aa edi\u00e7\u00e3o do Congresso chega a 2024 consolidando-se como um evento de grande tradi\u00e7\u00e3o, reconhecido tanto no meio tribut\u00e1rio, como na Administra\u00e7\u00e3o P\u00fablica brasileira.<\/p>\n<p>Neste ano, o Congresso FENAFIM ter\u00e1 seu foco na Reforma Tribut\u00e1ria, aprovada pelo Congresso Nacional por meio da Emenda Constitucional n\u00ba 132\/2023, que alterou significativamente o sistema tribut\u00e1rio de consumo nacional. Fundamentado nisso, seu tema ser\u00e1 \u201cA Tributa\u00e7\u00e3o Municipal no Brasil: Horizontes da Reforma Tribut\u00e1ria\u201d.<\/p>\n<p>Assim, por meio dos diversos pain\u00e9is e palestras, ser\u00e3o destacadas as mudan\u00e7as e desafios a serem enfrentados pelas administra\u00e7\u00f5es tribut\u00e1rias, legisladores, contadores, docentes e a sociedade em geral. Al\u00e9m disso, ser\u00e3o apresentadas as diversas fun\u00e7\u00f5es sociais da tributa\u00e7\u00e3o, bem como a atua\u00e7\u00e3o do Fisco no desenvolvimento econ\u00f4mico, social e ambiental, principalmente em \u00e2mbito municipal, para a execu\u00e7\u00e3o de pol\u00edticas p\u00fablicas voltadas aos cidad\u00e3os.<\/p>\n<p>Trata-se de um evento t\u00e9cnico, voltado a Auditores e Fiscais Tribut\u00e1rios dos diversos munic\u00edpios brasileiros, bem como a Prefeitos, Secret\u00e1rios de Fazenda, Procuradores Municipais, Gestores P\u00fablicos, Advogados Tributaristas, empres\u00e1rios, profissionais e acad\u00eamicos da \u00e1rea.<\/p>\n<p>A organiza\u00e7\u00e3o desta edi\u00e7\u00e3o est\u00e1 sob a responsabilidade do Sindicato dos Auditores Fiscais de Tributos Municipais de Curitiba (SINFISCO CURITIBA) em parceria com a Associa\u00e7\u00e3o dos Auditores e Fiscais Tribut\u00e1rios Municipais do Paran\u00e1 (AFISCO-PR), e ser\u00e1 realizada na cidade de Foz do Igua\u00e7u\/PR, entre os dias 27 a 29 de novembro de 2024, no Complexo Eco Cataratas Resort by San Juan Hot\u00e9is, localizado ao lado de um dos mais famosos cart\u00f5es postais do mundo, as Cataratas do Igua\u00e7u.<\/p>\n<p>A programa\u00e7\u00e3o dos 03 (tr\u00eas) dias de Congresso est\u00e1 delineada para uma intensa discuss\u00e3o sobre o tema proposto e reunir\u00e1 renomados palestrantes do cen\u00e1rio tribut\u00e1rio nacional que se apresentar\u00e3o em confer\u00eancias, palestras, mesas redondas, debates, oficinas e diversos ciclos de atividades.<\/p>\n<p>Considerando a supera\u00e7\u00e3o da pandemia que assolou o mundo, nesta edi\u00e7\u00e3o o Congresso voltar\u00e1 a ser realizado exclusivamente de forma presencial. Com isso, e acrescido o fato de que a cidade de Foz do Igua\u00e7u\/PR, refer\u00eancia em turismo nacional e internacional e sede de uma das 7 maravilhas do mundo, ser\u00e1 o anfitri\u00e3o deste evento pela primeira vez, a expectativa \u00e9 de crescimento no n\u00famero de inscritos em rela\u00e7\u00e3o aos \u00faltimos eventos do Congresso.<\/p>\n<\/div>\n","protected":false},"excerpt":{"rendered":"<p>O CONGRESSO NACIONAL FENAFIM \u00e9 um evento promovido anualmente pela Federa\u00e7\u00e3o Nacional dos Auditores e Fiscais de Tributos Municipais &#8211; FENAFIM e se destaca como o principal evento sobre Tributa\u00e7\u00e3o &#8230;<\/p>\n","protected":false},"author":3,"featured_media":0,"parent":0,"menu_order":0,"comment_status":"closed","ping_status":"closed","template":"","meta":{"om_disable_all_campaigns":false,"_monsterinsights_skip_tracking":false,"_monsterinsights_sitenote_active":false,"_monsterinsights_sitenote_note":"","_monsterinsights_sitenote_category":0,"footnotes":""},"aioseo_notices":[],"jetpack_sharing_enabled":true,"_links":{"self":[{"href":"https:\/\/congresso.fenafim.org.br\/2024\/wp-json\/wp\/v2\/pages\/1629"}],"collection":[{"href":"https:\/\/congresso.fenafim.org.br\/2024\/wp-json\/wp\/v2\/pages"}],"about":[{"href":"https:\/\/congresso.fenafim.org.br\/2024\/wp-json\/wp\/v2\/types\/page"}],"author":[{"embeddable":true,"href":"https:\/\/congresso.fenafim.org.br\/2024\/wp-json\/wp\/v2\/users\/3"}],"replies":[{"embeddable":true,"href":"https:\/\/congresso.fenafim.org.br\/2024\/wp-json\/wp\/v2\/comments?post=1629"}],"version-history":[{"count":28,"href":"https:\/\/congresso.fenafim.org.br\/2024\/wp-json\/wp\/v2\/pages\/1629\/revisions"}],"predecessor-version":[{"id":3281,"href":"https:\/\/congresso.fenafim.org.br\/2024\/wp-json\/wp\/v2\/pages\/1629\/revisions\/3281"}],"wp:attachment":[{"href":"https:\/\/congresso.fenafim.org.br\/2024\/wp-json\/wp\/v2\/media?parent=1629"}],"curies":[{"name":"wp","href":"https:\/\/api.w.org\/{rel}","templated":true}]}}

<div align="justify"; style="font-size: 20px">
<p>O CONGRESSO NACIONAL FENAFIM é um evento promovido anualmente pela Federação Nacional dos Auditores e Fiscais de Tributos Municipais &#8211; FENAFIM e se destaca como o principal evento sobre Tributação Municipal do Brasil. Este evento se apresenta como uma excelente oportunidade de intercâmbio de conhecimento entre os servidores públicos das diversas administrações tributárias, acadêmicos e profissionais da área fiscal.</p>
<p>A 35ª edição do Congresso chega a 2024 consolidando-se como um evento de grande tradição, reconhecido tanto no meio tributário, como na Administração Pública brasileira.</p>
<p>Neste ano, o Congresso FENAFIM terá seu foco na Reforma Tributária, aprovada pelo Congresso Nacional por meio da Emenda Constitucional nº 132/2023, que alterou significativamente o sistema tributário de consumo nacional. Fundamentado nisso, seu tema será “A Tributação Municipal no Brasil: Horizontes da Reforma Tributária”.</p>
<p>Assim, por meio dos diversos painéis e palestras, serão destacadas as mudanças e desafios a serem enfrentados pelas administrações tributárias, legisladores, contadores, docentes e a sociedade em geral. Além disso, serão apresentadas as diversas funções sociais da tributação, bem como a atuação do Fisco no desenvolvimento econômico, social e ambiental, principalmente em âmbito municipal, para a execução de políticas públicas voltadas aos cidadãos.</p>
<p>Trata-se de um evento técnico, voltado a Auditores e Fiscais Tributários dos diversos municípios brasileiros, bem como a Prefeitos, Secretários de Fazenda, Procuradores Municipais, Gestores Públicos, Advogados Tributaristas, empresários, profissionais e acadêmicos da área.</p>
<p>A organização desta edição está sob a responsabilidade do Sindicato dos Auditores Fiscais de Tributos Municipais de Curitiba (SINFISCO CURITIBA) em parceria com a Associação dos Auditores e Fiscais Tributários Municipais do Paraná (AFISCO-PR), e será realizada na cidade de Foz do Iguaçu/PR, entre os dias 27 a 29 de novembro de 2024, no Complexo Eco Cataratas Resort by San Juan Hotéis, localizado ao lado de um dos mais famosos cartões postais do mundo, as Cataratas do Iguaçu.</p>
<p>A programação dos 03 (três) dias de Congresso está delineada para uma intensa discussão sobre o tema proposto e reunirá renomados palestrantes do cenário tributário nacional que se apresentarão em conferências, palestras, mesas redondas, debates, oficinas e diversos ciclos de atividades.</p>
<p>Considerando a superação da pandemia que assolou o mundo, nesta edição o Congresso voltará a ser realizado exclusivamente de forma presencial. Com isso, e acrescido o fato de que a cidade de Foz do Iguaçu/PR, referência em turismo nacional e internacional e sede de uma das 7 maravilhas do mundo, será o anfitrião deste evento pela primeira vez, a expectativa é de crescimento no número de inscritos em relação aos últimos eventos do Congresso.</p>
</div>

<p>O CONGRESSO NACIONAL FENAFIM é um evento promovido anualmente pela Federação Nacional dos Auditores e Fiscais de Tributos Municipais &#8211; FENAFIM e se destaca como o principal evento sobre Tributação &#8230;</p>
